j - 4. Calculate the remainder when y is divided by v.
10
What is the remainder when (-1394)/(-4)*(-1 + 1 - -6) is divided by 91?
89
Suppose 0 = -2*x - 0*x - 4, -3*x = 5*n + 1. Suppose -w + 39 = -n. What is the remainder when w is divided by 14?
12
Suppose -3009 = -2*l + 5*k - 1208, -2*k - 4471 = -5*l. What is the remainder when l is divided by 64?
61
Let o = 21 - 34. Let b = o - -24. What is the remainder when 63 is divided by b?
8
Let c(d) = 34*d**2 + 1. Let j(q) = -4*q - 16. Calculate the remainder when c(-1) is divided by j(-6).
3
Let c be 30/(-12)*18/(-15). Let k(q) = -q**2 + 4*q. What is the remainder when 3 is divided by k(c)?
0
Let o = -117 - -120. Suppose o*g = 107 + 22. Calculate the remainder when 124 is divided by g.
38
What is the remainder when (166/6 + -5)/(2/21) is divided by 8?
6
Let p(z) be the first derivative of -z**2/2 + 4*z + 26. Calculate the remainder when 59 is divided by p(-12).
11
Let j(u) be the second derivative of u**4/6 + 2*u**3/3 - 3*u**2 + 17*u. What is the remainder when 25 is divided by j(-4)?
5
Suppose 20 = -6*b + b, -3*i - 4*b + 158 = 0. Suppose -2*c - 4*j + 290 = 3*c, -3*j = -c + i. Calculate the remainder when c is divided by 12.
10
Suppose -8 = 5*a - 13. Suppose 587 - 17 = 5*s. Calculate the remainder when s is divided by 5 + (0 - 2) - (-26)/a.
27
Let u(n) = -n**2 - 18*n + 3. Let z be u(-11). Suppose 0 = -x + 6*x - z. Calculate the remainder when 28 is divided by x.
12
Suppose 35 = -4*u - 5. Let f be 8/u*(4 + -9). Suppose 4*o = f*y - 24, 0 = -4*y - 3*o + 43 - 5. What is the remainder when 13 is divided by y?
5
Suppose -2*w = 8, -4*w = 4*p - 5*p + 38. Suppose 3*s = -s + 268. What is the remainder when s is divided by p?
1
What is the remainder when 289 is divided by (4 + 27 - 3) + -7?
16
Calculate the remainder when 232 is divided by (8/(-3))/4 - 1332/(-54).
16
Suppose -41 + 183 = 2*m + 2*f, 2*f = -3*m + 212. Let z be 0/2 - ((-85)/5 - 4). Calculate the remainder when m is divided by 1*(3/(-1) + z).
16
Suppose -2*k = a - 57, -4*a + 6*a = 3*k + 79. Calculate the remainder when a is divided by 5.
2
Suppose 3*l + 9*l = 1380. Let d = 35 - 6. Calculate the remainder when l is divided by d.
28
Suppose 2*t = -22*y + 23*y - 1143, t - 4536 = -4*y. What is the remainder when y is divided by 142?
141
Suppose 0 = 7*o + 335 - 433. Let q = -131 + 199. Calculate the remainder when q is divided by o.
12
Let y be ((-4)/8)/((-17)/(-6) - 3). Suppose -5*s - y*a + 80 = 0, -s - s + 32 = -5*a. Calculate the remainder when s is divided by 6.
4
Suppose -27*w - 168 = -34*w. Let g(c) = -7*c - 1. Calculate the remainder when w is divided by g(-2).
11
Suppose -4*n + 64 = 4*p - 0*p, 0 = 5*p - 10. Calculate the remainder when ((-2)/5)/(n/(-1610)) is divided by 16.
14
Let n = 16 - 10. Suppose -u + 22 = 3*x, 42 = n*x - 2*x - 5*u. Calculate the remainder when 63 is divided by (x/(-12))/((-6)/117).
11
Let i = -95 + 45. Let v = i + 71. Calculate the remainder when 1 + 1 - (-80 + -1) is divided by v.
20
Let t(q) be the third derivative of q**5/60 + 5*q**4/6 + 11*q**3/3 + 4*q**2. What is the remainder when t(-19) is divided by 1?
0
Suppose -31*y + 648 = -23*y. What is the remainder when 252 is divided by y?
9
Suppose 2*b + 6 = 16. Let z(s) = 1 - 15*s + 8*s + 5*s + 3*s. What is the remainder when z(13) is divided by b?
4
Let p(g) = g**3 - 23*g**2 - 27*g + 88. Let w = -278 - -424. Let n = w + -85. What is the remainder when n is divided by p(24)?
13
Let o(t) = t**2 + 2*t - 6. Suppose 4*p + 15 = p. Let s(l) = -l**3 + 5*l**2 + 28*l + 98. Calculate the remainder when s(9) is divided by o(p).
8
Suppose 0 = 5*p + 4*p - 225. What is the remainder when 92 is divided by p?
17
Let l(w) = 3*w - 13. Let v be l(6). Suppose 8*z + 3*p = 3*z + 67, -v*z + 5*p + 75 = 0. Suppose 81 + 119 = 5*o. Calculate the remainder when o is divided by z.
12
Calculate the remainder when 47 is divided by (-139)/556*20/(-1).
2
Suppose 0 = -3*f + 5*v + 227, 2 = -3*v + 8. Calculate the remainder when f is divided by 27.
25
Let j(b) = -5*b + 129. Suppose -q - 3*p = 3*q - 157, -4*q = -5*p - 197. What is the remainder when q is divided by j(24)?
7
Let g be (-6 - -7)/1 + (1 - -2). Calculate the remainder when 1118/6 + (g/12)/(-1) is divided by 63.
60
Let v = 153 + -122. What is the remainder when v is divided by 6?
1
Suppose 3733*z - 3728*z - 70 = 0. What is the remainder when z is divided by 3?
2
Let n(b) be the third derivative of b**5/60 + 5*b**4/24 + 3*b**3/2 + 7*b**2. Calculate the remainder when 58 is divided by n(-6).
13
Suppose -14*o - 128 = -3*v - 13*o, o = 5*v - 212. Calculate the remainder when 148 is divided by v.
22
Suppose 3*d - 21 = 4*s, 3*d = s + 2*s + 24. Let b be -2*5/2 - -3. Let y(v) = 6*v**2 + v - 1. What is the remainder when y(b) is divided by d?
10
Let b = -33 + 35. Suppose 4*p - b*p + 2*j = 8, -5*p + 30 = -5*j. Calculate the remainder when 35 is divided by 13/65*13*p.
9
What is the remainder when -5*-1*(-39)/(-5) is divided by 23?
16
Let h(l) = l + 1. Let j(t) = -t**2 - 19*t - 16. Let x(p) = 22*h(p) + 2*j(p). Calculate the remainder when 25 is divided by x(-6).
11
Let h = -2467 - -2676. What is the remainder when h is divided by 21?
20
What is the remainder when 120 is divided by 576/27 + (-12)/(-126)*7?
10
Let d be 13/(5 + -4) - -1. Let m(c) = c**3 - 13*c**2 - 13*c + 7. Let z = 145 - 85. Calculate the remainder when z is divided by m(d).
18
Let n be (-22)/(22/(-5) + 2 + 2). Let g(b) = -b**3 + 5*b**2 + 2*b + 5. Calculate the remainder when 3058/n - (-4)/10 is divided by g(5).
11
Let t(m) = 6*m - 4. Suppose 4*f + 5*i - 13 = 0, -2*f - 50 = -7*f + 5*i. What is the remainder when t(6) is divided by f?
4
Suppose -5*i + i + 28 = 0. Suppose 0 = -i*s + 21 + 21. Calculate the remainder when 10 is divided by s.
4
Let v(y) = -y**3 + 7*y**2 - 4*y + 4. Suppose 18 + 14 = -8*t. What is the remainder when (t + 0)*-11 - -3 is divided by v(6)?
15
Let f = 1486 - 1407. Calculate the remainder when f is divided by 17.
11
Let f(p) = 3*p + 4. Suppose -12*i + 13*i = 3. Suppose 11 - 27 = -i*w - 2*h, 0 = 5*w - h - 44. Calculate the remainder when f(3) is divided by w.
5
Suppose 2*v - 3*c - 248 = 0, -7*v + 5*c + 630 = -2*v. Suppose -5*t - v = -6*t. What is the remainder when t is divided by 22?
20
Let b be (-4)/(-18) + (-4829)/(-99). Let f = b - 23. Let m = -47 - -54. What is the remainder when f is divided by m?
5
Let o(s) = -s**3 + 13*s**2 - 8*s + 1. Calculate the remainder when 90 is divided by o(12).
41
Suppose 5*p - 17 = -3*g, -4*g + 16 = g - 4*p. Suppose o = 11 + 14. Let f = -19 + o. What is the remainder when f is divided by g?
2
Let i be -2*(-3)/(-4)*-2. What is the remainder when (9 + -3)*i/2 is divided by 3?
0
Suppose 10017 = -0*t + 21*t. Calculate the remainder when t is divided by 37.
33
Let t(o) be the first derivative of o**3/3 + 5*o**2 - 10*o - 1. Let q = 51 + -50. What is the remainder when t(-11) is divided by q?
0
What is the remainder when (-218)/(-3 + -7 - -8) is divided by 36?
1
Let v be (-33)/(-12) - 3/4. Suppose v*x + 6 = -0*x. Calculate the remainder when 15 is divided by x/((-9)/24)*1.
7
Let i = 20 - 14. What is the remainder when (-339)/(-15) - (-24)/(-40) is divided by i?
4
Calculate the remainder when 357/35 + -10 - 5208/(-10) is divided by 44.
37
Suppose 0 = 8*b - 140 - 100. Suppose 2*d - b = -3*d. Calculate the remainder when 10 is divided by d.
4
Let u be (-14 + 14)/(1*-1). Let i be (1 + u)/((-13)/(-1118)). Suppose 5*c - i = -31. Calculate the remainder when c is divided by 4.
3
Let c(w) = 2*w + 21. Let g(o) = -2*o - 8. What is the remainder when c(-3) is divided by g(-8)?
7
Let w be (-3)/(-2)*12/3. Suppose 2*u - 4*u + w = 0. Suppose u*s = -4*g - g + 295, 2*g = s + 129. What is the remainder when g is divided by 21?
20
Let m(i) = -i**3 - 16*i**2 + 9*i + 149. What is the remainder when 35 is divided by m(-16)?
0
Let m = -46 + 49. Suppose -25 = 4*n + m*o - 62, -5*n = 2*o - 55. Calculate the remainder when 38 is divided by n.
12
Suppose -4*r - 4652 = -6*w + 4*w, -3*w + 3*r = -6987. Calculate the remainder when w/36 + 4/18 is divided by 22.
21
Let t be -5*((-1)/(-5))/(9/18). Let y = 54 - 35. Calculate the remainder when (t/3)/((-30)/3285) is divided by y.
16
Let k = 8 - 0. Let r be (11 + -1)*(-5 + 108/8). Suppose -3*c - 19 = -r. Calculate the remainder whe